Let g = z + 4. What is u(g)?
14
Suppose 18*t - 15 + 3 = 6. Let b(s) = -1. Let x(h) = 2*h - 4. Let w(a) = -6*b(a) + 2*x(a). Give w(t).
2
Suppose 6 - 1 = -5*f. Suppose 2*d + 38 = -i + 97, -3*d - 2*i + 91 = 0. Let k be (12/(-15))/(f - d/(-25)). Let x(p) = p + 17. Determine x(k).
7
Suppose 3592*f = 1797*f + 1791*f + 52. Let q(z) = -5*z + 45. Calculate q(f).
-20
Let v(i) = -i**2 - 6*i - 6. Let p be v(-4). Let j be -2 + (p - 20)/(-3). Let c(z) = -8*z - 4*z - z - 6*z**2 + 19*z - z**3 + 2*z**3. Give c(j).
-8
Let s(v) = v**3 - 4 + 5*v - 851*v**2 + 846*v**2 + 0*v**3. Suppose 11*i = 7*i - 24. Let z(n) = n**2 + 3*n - 14. Let f be z(i). Give s(f).
0
Suppose 78*o - 84*o + 12 = 0. Let f be (-10 - 25/(-5)) + 8/o. Let j(k) = -16*k**3 - k**2 - 2*k - 1. Determine j(f).
16
Let y = 126 + -97. Suppose -6*p - y = -35. Let c(m) = 3*m**2 - m**2 + 3*m - m - p - 3*m. Calculate c(-3).
20
Let t(d) be the third derivative of -d**6/120 - d**5/12 + d**4/4 + 11*d**3/3 + d**2 + 315*d + 3. Give t(-5).
-8
Suppose 2*a = 2*k, 4*a - 5 = -3*k - 26. Let c(q) = 3 + 13*q**3 + q**3 - 2 - 29*q**3 - 5*q**2 + 14*q**3 - 2*q. Determine c(a).
-11
Let r(a) be the first derivative of 17*a**2/2 + 290*a - 4290. Calculate r(-17).
1
Let c(z) = 3*z - 4. Let r = 11764 + -11762. What is c(r)?
2
Suppose 30 - 12 = o. Let s(u) = -o*u**3 - 1 - 25*u**3 + 67*u**3 - 26*u**3. Give s(-2).
15
Let a = -46 + 47. Let t be ((-21)/14)/(-3)*2*a. Let s(d) = -1 - d - d**3 + t - 60*d**2 + 67*d**2 + 3. Give s(7).
-4
Let m(p) = -p**3 - 8*p**2 + 5*p + 19. Let x be m(-9). Let w be (-1)/(10/(-96)) + (-33)/x. Let a(d) = -d**2 + 11*d - 12. What is a(w)?
6
Let p(l) = 6*l**2 - 6*l + 16. Let c(u) = -u**2 + u - 1. Let j(o) = 4*c(o) + p(o). Let s be j(-6). Let x = -101 + s. Let g(v) = v**2 + 2*v + 2. Determine g(x).
17
Let z(u) = 12*u - 3 - 12*u**2 + 39*u**3 - 38*u**3 + 11*u**2. Give z(0).
-3
Let i(m) = -m**3 + 5*m**2 - 4*m. Let u(q) = -130*q + 3. Let y be u(0). Calculate i(y).
6
Let s(z) be the second derivative of -3*z**3/2 + z**2/2 + 129*z. Let d(i) = -6*i**2 + 9*i - 4. Let l be d(1). Determine s(l).
10
Let z(r) = -4*r - 7. Suppose -3*g - 74 + 266 = 3*n, -3*n = -4*g - 213. Suppose -7*k = n - 32. Determine z(k).
13
Let m(f) = -3*f**2 + 1. Let r(o) = 2*o**3 + 5*o**2 - 9*o + 7. Let h be r(3). Let x = 82 - h. Give m(x).
-26
Let p = 1 - -1. Let b(w) = -13*w + 267. Let u be b(20). Let i(v) = u - 2 - 7 + p*v - v. What is i(-7)?
-9
Suppose -270*m + 304*m = 0. Let w(p) be the third derivative of 1/8*p**4 + 1/60*p**5 + m*p - 1/3*p**3 - 4*p**2 + 0. Determine w(2).
8
Suppose -6 = -c - 22. Let t = 7 + c. Let b be t/(2/(-2))*(-2)/6. Let z(h) = -h**3 - 2*h**2 + 4*h + 4. Determine z(b).
1
Let d(l) = -2*l**3 - 13*l**2 + 4*l + 55. Suppose -4*v = -2*o + 14, v + 29*o = 27*o - 16. Calculate d(v).
-5
Let n(r) = r**2 + 2*r + 1. Suppose 13*d - 10*d - 15 = 0. Suppose 5*m + 17 = 8*m - 4*a, m + 26 = -d*a. Let t be n(m). Let h(j) = j + 1. Calculate h(t).
1
Let b(c) be the second derivative of -5*c**3/6 + 81*c**2 - 2944*c. Calculate b(33).
-3
Let b(m) be the third derivative of 0*m - 1/720*m**6 + 13*m**2 + 1/60*m**5 + 0 - 5/6*m**4 + 0*m**3. Let x(s) be the second derivative of b(s). Give x(5).
-3
Let s(d) be the first derivative of -d**3/3 + 15*d**2/2 - 18*d - 2. Suppose -3*q - 15 = -3*o, -12*o + 4*q - 78 = -15*o. Give s(o).
-4
Suppose 16 = -v + 20. Suppose 3*q = v*g, 5*g - 3*q = -2*q. Let i(w) be the second derivative of w**3/6 + 3*w**2/2 - 5*w. Give i(g).
3
Let b(x) be the third derivative of -x**4/12 + 2*x**3/3 - 2*x**2. Suppose -5*d - 23 = -4*y, 0 = 3*d + 3*y - 1 + 31. Calculate b(d).
18
Let j(k) = 22*k**3 - 32*k**2 + 2*k - 30. Let f(o) = 35*o**3 - 48*o**2 + 3*o - 46. Let r(z) = -5*f(z) + 8*j(z). What is r(16)?
6
Let w = -1775 - -1799. Let x(c) = c**2 - 24*c + 5. Give x(w).
5
Let h(v) be the first derivative of -2*v**2 - 116*v - 471. What is h(-30)?
4
Let i(y) = -10*y**3 + 33*y**2 - 17*y - 25. Let p(b) = -3*b**3 + 4*b**2 + b - 1. Let g(a) = i(a) - 3*p(a). Determine g(20).
-22
Let i(b) be the first derivative of -4*b**3/3 - 99*b**2/2 + 20*b + 2141. What is i(-25)?
-5
Let l(t) = 6945*t**2 - 2*t + 6949*t**2 - 13893*t**2 - 8. Calculate l(4).
0
Let q(v) = 47*v + 16. Let o(h) = 16*h + 6. Let n(j) = 17*o(j) - 6*q(j). Calculate n(1).
-4
Let g = -34 - -9. Let s = -22 - g. Let l(c) = 393*c**s + c + 5 - 7*c - 392*c**3 + 5*c**2. Determine l(-6).
5
Let l(d) be the first derivative of -d**3/3 - 27*d**2/2 - 31*d + 1801. Determine l(-26).
-5
Let i(z) = 5*z - 14. Let f be i(-11). Let q = f - -76. Let j(x) = 0*x - 5 - 2*x**2 + q*x + x**2. Calculate j(7).
-5
Let d(v) = v**2 - 8*v + 7. Let f(s) = s - 19. Let q be f(22). Let a be d(q). Let p(z) = z**2 + 9*z - 8. Determine p(a).
-16
Let o(t) = -727*t**2 + 733*t**2 + t - 251 + 248. Calculate o(1).
4
Suppose 3*f - 25 = i, -2*f = -17617*i + 17622*i - 28. Let l(c) be the first derivative of c**4/4 - 3*c**3 + 5*c + 2. Calculate l(f).
5
Let o(f) = -2*f + 18. Let r be o(6). Suppose -c = 2*c - 2*k - r, 4*c = -k + 8. Let x(i) = -4*i + 11 - c*i**2 - 20 + 4. What is x(-4)?
-21
Let o(y) = -1040*y + 2080*y + 6*y**2 - 3 - 1041*y - 5. What is o(-2)?
18
Let h(v) be the third derivative of 7*v**4/12 + 7*v**3/6 + 33*v**2. Let w(c) = -14*c - 6. Let x(m) = -5*h(m) - 6*w(m). Calculate x(-1).
-13
Let j(i) = 2*i - 1. Let b(p) = -14*p**3 + 13*p**3 - 11*p**2 + 13 - 8*p + 3. Let g be b(-10). Let q be (-12)/(-18)*6/g. Determine j(q).
-3
Let a(v) = -7 - 3 - v - 5 - 3*v + 8*v. Calculate a(2).
-7
Let z(l) = -l**3 - 18*l**2 - 2*l - 45. Suppose -11*x - 9 = -14*x, -j - 21 = -x. What is z(j)?
-9
Let y(q) = -100 - 49 - q - 48 + 207. Suppose -4*z = -0*z. Suppose -4*s - 16 = 0, z*d - 5*d + 39 = -s. What is y(d)?
3
Let k(h) = -h + 11. Let f be ((-104)/(-39))/(2/(-3)) + 49. Let a be (f/(-9))/(1/(-2)). What is k(a)?
1
Let w(m) be the third derivative of -m**5/15 - m**4/8 - 2*m**3/3 + 2*m**2 + 16. Give w(0).
-4
Let k(g) = 34*g**2 + 49*g - g**3 + 46 - 142*g**2 + 65*g**2 + 67*g**2. Calculate k(26).
-32
Let b(s) = 201*s - 125. Let c(f) = -56*f + 31. Let y(k) = 3*b(k) + 11*c(k). Give y(-3).
5
Let n(x) = -x**2 - x. Let c(u) = 3*u**2 + 8*u - 1. Let g(k) = -c(k) - 2*n(k). Suppose 0 = 2*s - 3*s + 282. Let t = -287 + s. What is g(t)?
6
Let q(w) = -337*w + 123. Let l(g) = 193*g - 62. Let a(d) = 7*l(d) + 4*q(d). Determine a(-19).
1
Let v = 68 + -66. Suppose -13*a + 24 = -5*a. Let q(s) = -3 - a*s + s**3 + s**2 + 4 + 1. What is q(v)?
8
Let y(l) = -l**2 + 13*l - 38. Suppose 0 = 77*i - 83*i + 48. Calculate y(i).
2
Let x(v) = v + 25 + v**2 - 82 + 34 + 26. Let y = -230 - -233. Determine x(y).
15
Let s(b) = -3*b - 4. Let u(j) = -3*j + 77. Let p be u(26). Determine s(p).
-1
Let h(m) be the third derivative of m**4/24 + m**3 - 701*m**2. What is h(3)?
9
Let r be 1/(-3) + 366/18. Let y(t) = -t**2 + 3*t - 1. Let w be y(2). Suppose -w = -7*j + r. Let a(b) = 3*b - 4. What is a(j)?
5
Let y = 437 + -408. Let r(s) = 20*s - y*s - 6 + 11*s. Give r(4).
2
Let k(y) be the first derivative of y**5/120 + y**4/6 + 30*y**3 + 106. Let l(s) be the third derivative of k(s). Determine l(-12).
-8
Let v(w) = -w**2 + 17*w - 35. Suppose r = -5*z + 71, 24 - 68 = -3*z - 2*r. Determine v(z).
7
Let y(l) = -5*l**2 - 9*l + 7. Let w(k) = k**2 + k. Let u(v) = -6*w(v) - y(v). Let q(z) = 1409*z + 1416. Let f be q(-1). Calculate u(f).
-35
Suppose -4*w = 4*r + 44, -3*r - 13 = -5*w - 4. Let o(c) = c**3 + 7*c**2 - 10*c + 9. Give o(r).
25
Let r(d) = -d - 12. Let m = 394 - 400. Let x be (27/(-18))/(m/(-8)) + -3. Calculate r(x).
-7
Let s(i) = 3*i - 1. Let w(c) = -4*c - 40. Let h(q) = s(q) + w(q). Calculate h(-7).
-34
Let d = 2 + -4. Let g(h) = -3*h**2 + 7*h - 5. Let o(z) be the second derivative of -z**4/3 + 4*z**3/3 - 3*z**2 + 16*z. Let x(l) = 5*g(l) - 4*o(l). Give x(d).
-3
Suppose 0 = -4*p - 2*s + 3686, -s + 3*s = p - 924. Let k(g) = p*g**2 - 2 - 1 - 5*g - 923*g**2. Give k(-5).
-3
Let k be (128/(-224))/(2*(-2)/14). Suppose -k*r + 7 = -y, 5*r - 2*r = -2*y + 21. Let s(x) = x - 7. Determine s(r).
-2
Let c(l) = -1 - 1883*l - 2742*l + 4624*l. Suppose 3*s + 1 = 7. Suppose -22 = 5*w + 3*z, s*w + 2*z + 16 = -2*w. Give c(w).
1
Let j(d) be the first derivative of 97 + d**2 - 14*d - 10/3*d**3 + 1/4*d**4. Determine j(10).
6
Let x = 22 + -3. Let g = x + -18. Suppose 3*d + g = -8. Let z(c) = -c**3 - 2*c**2 + 4. What is z(d)?
13
Let 